76. Let j be a(11). Let b be (8/(-20) - 263/5)*j. Calculate the greatest common factor of 212 and b.
53
Let r(q) = q**3 + 3*q**2 + 4*q - 2. Let w be r(3). Let x = -7085 - -7217. Let y = x - w. Calculate the highest common divisor of y and 4.
4
Let x(a) = 33*a**2 + 1912*a - 105. Let d be x(-58). Let f be 4*(0 + 11) + 0. What is the highest common factor of d and f?
11
Let t(h) be the third derivative of -h**5/30 - 31*h**4/24 - 7*h**3 + 4*h**2 - 4. Let v be t(-12). Calculate the highest common divisor of v and 378.
42
Let l = 89 + -5. Let m be (-2*(-145)/(-20))/(10/220). Let i = m + 331. What is the greatest common divisor of i and l?
12
Let r be (-5 + (-188)/(-12))/(2/(-6)). Let x = -28 - r. Let w(y) = y - 2. Let f be w(6). What is the greatest common divisor of f and x?
4
Let m = -1260 - -1394. What is the greatest common divisor of 8375 and m?
67
Let v(b) = -b**3 - 9*b**2 - b - 6. Let f be v(-9). Let z be -10*((-24)/20)/f. Suppose -14 = -9*c + 130. What is the greatest common divisor of z and c?
4
Suppose -13*s - 59 = -150. Let k = -34 - -42. Suppose 3*i + 3 = l + 29, -i - 3*l = k. What is the highest common divisor of s and i?
7
Let h = 23082 - 23062. Let b = 212 - 119. Suppose -5*g - b = -343. Calculate the highest common divisor of h and g.
10
Suppose h + 2*x - 693 = 0, -4*h + 3*h = -5*x - 665. Let k = h + -622. Calculate the greatest common divisor of k and 27.
9
Let n(z) = z**2 + z + 1. Let k(j) = j**3 - 15*j**2 + 13*j - 9. Let w(a) = -k(a) + n(a). Let b be w(14). What is the highest common divisor of b and 156?
78
Suppose 57 = -3*y + 9. Let p = y - -16. Suppose p = -5*g + 33 + 57. What is the highest common divisor of 12 and g?
6
Suppose -1196*d + 32 = -1164*d. Suppose 5*o = -3*t + 25, 2*t - 12 = 3*o - 4*o. What is the highest common divisor of o and d?
1
Suppose -15*s + 3298 = -2642. Let o = -272 - -8. Let q be (o/15)/(10/(-25)). What is the greatest common divisor of q and s?
44
Let w = 530 - 368. Let v(z) = 8*z + 5*z - 12 + 22*z - 25*z. Let s be v(3). What is the highest common divisor of s and w?
18
Let n(o) = 3*o**2 - 10*o + 10. Let q be n(4). Let p be 8/10*-276*(-30)/q. Calculate the greatest common factor of p and 46.
46
Let k = 39 + -39. Suppose k = -r + 1, 2*w = -2*w + 5*r + 3. Let v be (-2)/2*(-28 + w). What is the greatest common factor of 65 and v?
13
Let r(m) = -m**2 + 141*m - 152. Let s be r(137). What is the highest common divisor of s and 288?
36
Let j = 36206 - 32093. Calculate the highest common factor of 72 and j.
9
Let c be (-49873)/(-2) + (-27)/11 + 57/(-1254). Calculate the highest common factor of 182 and c.
182
Let o = 25 - -217. Let g = o + -208. What is the greatest common factor of 17 and g?
17
Suppose -174 = -2*m + 106. Let v = 181 - 161. What is the highest common divisor of v and m?
20
Suppose 2*p + 2 = 0, -2*y + 214 - 51 = 5*p. Suppose y*t - 82*t - 18 = 0. Suppose -9*q + 45 = t. Calculate the highest common divisor of 4 and q.
4
Let y be (-2 - 5) + 1*(1 - 1). Let d = -34 - y. Let t = 39 + d. Calculate the highest common divisor of 36 and t.
12
Let i(o) = -2*o**3 + 45*o**2 - 10*o + 79. Let f be i(22). What is the greatest common factor of f and 7?
7
Suppose -14*b + 23934 = 42*b - 173130. What is the greatest common divisor of 34 and b?
17
Let w be (3 + -3 + -1 - -3) + 4. Suppose w*r - 9*r - 54 = -c, -c - r + 50 = 0. Let f = -15 + 32. What is the highest common divisor of f and c?
17
Let x(m) be the first derivative of m**3/3 + 11*m**2/2 - 44*m - 331. Let a be x(11). Calculate the greatest common divisor of 90 and a.
18
Suppose -23*d + 28*d - 8*z - 46567 = 0, 0 = 4*d - 5*z - 37248. What is the highest common divisor of d and 41?
41
Let f be (-187)/(-3) + (-16)/(-24). Let x(u) = 22*u + 546. Let y be x(-24). What is the greatest common factor of f and y?
9
Let i be (-1 + 12/15)*(-43 - 12). Suppose -i*u = -10*u - 32. What is the greatest common factor of u and 24?
8
Let x be (-596)/(-10) - (-4)/10. Let w be 258/(-215) + 28512/10. Suppose 23*n - w = 4*n. What is the greatest common divisor of n and x?
30
Let q be (69/207)/(4/20937) - 3/(-12). What is the greatest common factor of 35 and q?
5
Let u = 4924 + -4764. Calculate the greatest common factor of 45 and u.
5
Suppose -6922 = -8*u + 4958. Calculate the highest common divisor of u and 2835.
135
Suppose 726 = 2*m - 5*f, 14*m - 4*f - 1416 = 10*m. Calculate the highest common divisor of m and 252.
12
Let o be (2/(-12) - 2590/168*-4)*2. What is the greatest common factor of o and 2624?
41
Let x(u) = 33*u + 711. Let h be x(-20). What is the highest common factor of h and 3621?
51
Let z be 19347*17/204 - (-2)/(-8). Calculate the highest common divisor of 1 and z.
1
Let r = -13493 + 13537. What is the greatest common factor of r and 18964?
44
Suppose -u + 3*z + 306 = 2*u, -3*u + 5*z = -314. Let i(h) = -4*h**3 + 18*h**2 - 5*h + 2. Let d be i(4). What is the greatest common divisor of u and d?
14
Let p = 207 + -93. Suppose p - 18 = 6*z. Suppose -z*w + 50 = -11*w. What is the highest common factor of w and 70?
10
Suppose -3*f - m = -171, -4*m + 61 = 3*f - 128. Suppose -4*g - 220 = -32. Let t = g + 69. Calculate the highest common divisor of t and f.
11
Let f(c) = -9*c - 139 - 149 + 407 - 161. Let p be f(-13). Calculate the highest common factor of p and 30.
15
Let f be (10/(-18) + 1)/(20/90). Suppose -5*u = f*z - 32, -3*u - 7*z + 40 = -11*z. Let p be (1 + 0)*(1 + 0). Calculate the highest common divisor of u and p.
1
Let y(t) = 4*t**2 + t - 2. Let g be y(4). Suppose 128*v = 124*v - 120. Let a = v + g. Calculate the highest common divisor of 72 and a.
36
Let v be (-34)/(-6) + (-14)/21 - 3. Suppose 0 = -h - 2*h + 9, -4*w + 222 = -v*h. Calculate the greatest common divisor of 3 and w.
3
Let o be ((-76)/(-6))/(335/5025). Let b(t) = t**3 - 11*t**2 + 3*t + 7. Let w be b(11). What is the highest common divisor of w and o?
10
Let g(t) = -t**3 + 12*t**2 - 34*t + 142. Let c be g(10). What is the greatest common divisor of c and 1196?
2
Suppose 2*g - 4*g + 62 = 0. Let r(a) = -119*a + 1314. Let z be r(10). What is the highest common divisor of g and z?
31
Suppose -10*z - 880 - 1416 = -66*z. Let j = -248 + 535. Calculate the greatest common divisor of j and z.
41
Let l be 1757*3/483 + 20/230. Let u = -2 - -2. Suppose 2*v + u*p - 78 = -5*p, p - 86 = -2*v. What is the greatest common factor of v and l?
11
Suppose j - 868 + 236 = 0. Let n = -258 + j. What is the greatest common divisor of n and 44?
22
Suppose -2*y + 3*s + 312 = 0, 3*y - 5*s + 99 = 565. What is the highest common divisor of 4806 and y?
54
Let p(i) = 2*i + 8. Let f be p(-9). Let u be (2/f)/((-2)/20). Let j be (u + -8)/(2/(-8)). What is the highest common divisor of 60 and j?
12
Let x(m) = m**3 + m**2 - m - 1. Let o be x(1). Suppose -2*f - 5*w + 67 = o, 5*f = w + 3*w + 184. What is the highest common divisor of f and 36?
36
Let j(w) = w**3 + 5*w**2 + 2*w + 6. Let n be j(-4). Let f be 28/112 + (-1 - ((-1515)/(-4))/(-1)). Calculate the greatest common factor of n and f.
14
Let n(r) = 22*r**2 + 6*r. Let a = -25 + 28. Let u be n(a). Suppose 0 = -3*q - q + 96. Calculate the greatest common divisor of u and q.
24
Let u(p) = -55*p - 82. Let f be u(-2). Let v(z) = -71*z - 1. Let m be v(-1). Calculate the highest common divisor of f and m.
14
Let o be (132/121)/(24/8844). Calculate the highest common divisor of o and 27.
3
Let b(d) = -2*d**3 + 25*d**2 + 61*d - 250. Let l be b(14). What is the highest common factor of l and 772?
4
Suppose 915740 = 20*r + 142920. Calculate the greatest common divisor of r and 17.
17
Let t be (-88 - -7)/9 - -8. Let u be 4/t - (-799 - 0). What is the greatest common factor of 15 and u?
15
Let l(k) = -k**2 + 82*k - 477. Let q be l(39). What is the greatest common divisor of q and 96?
48
Let d(z) = -z**3 - 10*z**2 - 16. Let n be d(-10). Let u be (-93*(-11)/44)/((-2)/n). What is the highest common factor of 217 and u?
31
Suppose -9*k + 224 = 4*p - 4*k, 2*k = -2*p + 112. Let o = 32 + -28. Calculate the greatest common divisor of p and o.
4
Let u be (3 - (-11)/(-2))/(250/(-100)). Calculate the highest common divisor of 58 and u.
1
Let i(s) = -s. Let l(b) = -98*b**2 - 100*b**2 + 27 + 199*b**2. Let q(z) = -i(z) + l(z). Let a be q(8). Calculate the highest common divisor of a and 33.
33
Let o be (0 + 10